he prime factors of c.
2, 13
Let b be (-2)/(-4) - (665/(-14) + 0). Suppose 5*m + 2*j - 22 = 0, 0 = m - 2*m - 5*j - 14. Suppose b = c - m. What are the prime factors of c?
2, 3
Let v(z) = 90*z + 2. What are the prime factors of v(7)?
2, 79
Let h(t) = -t**3 - 10*t**2 - 26*t - 35. What are the prime factors of h(-16)?
3, 71
Let s = -67 + 69. Suppose -112 = -s*i - 2*t + 238, 4*t = 5*i - 848. What are the prime factors of i?
2, 43
Let h(d) = -d**3 + 9*d**2 + 4*d + 57. What are the prime factors of h(-11)?
3, 811
Suppose a = 66 - 177. Let y = a + 173. List the prime factors of y.
2, 31
List the prime factors of 14/(-63) + (-16474)/(-18) + -3.
2, 3, 19
List the prime factors of -24*(5 + (-88)/6).
2, 29
Let g(q) = -23*q - 14. Let u be g(-3). What are the prime factors of (-22)/u - (-276)/15?
2, 3
Suppose -5*y + 4*o = -1317, 0 = y + 3*y - 3*o - 1053. What are the prime factors of y?
3, 29
Suppose -a + 5*q = -3, -3 = 3*a - 0*a - 3*q. Let u(v) = -4*v**2 - 16*v - 11. Let l be u(-4). What are the prime factors of (l - -75) + (a - -1)?
3, 7
Let s(p) = -6*p + 8. Let r be s(0). Let v be (-49 + -1)*(-1)/1. Let b = v + r. What are the prime factors of b?
2, 29
Suppose -h + 5 - 1 = 0. Suppose -3*c + 21 = 4*v - 2*v, h*c - 17 = v. List the prime factors of v.
3
Let y = 31 + -44. Let p = 15 + y. Suppose 3*j = p*j + 18. List the prime factors of j.
2, 3
Let g be 124/(-24) - (-1)/6. Let r = 27 + -17. List the prime factors of (-2)/r + (-41)/g.
2
Let q = -120 - -1012. List the prime factors of q.
2, 223
Suppose 0 = 4*i - 43 + 11. Suppose 5*j = -5*u + 27 + i, -2*u + 2 = -j. List the prime factors of (-45 + 0 + j)/(-1).
41
Suppose 11*f - 8*f - 2*y = 1336, 5*f - 2*y = 2232. List the prime factors of f.
2, 7
Let c be (0 - 1) + 6/2. Suppose -3*l + 7 = m, c*l - m - 7 = -4*m. Suppose -45 = -5*n + l*n. What are the prime factors of n?
3, 5
Let x be (-49)/7*(-2)/2. Let c(n) = -n + 9. Let i be c(x). Suppose i*l + 155 = 7*l. What are the prime factors of l?
31
Suppose -11*q + 2*q + 36 = 0. Suppose q*c - 28 = -3*i, 2*c + 5*i - 28 = -2*c. List the prime factors of c.
7
Suppose 33 = 7*r + 19. Let a = 36 + -24. Suppose a*l = r*l + 810. List the prime factors of l.
3
Suppose -4*v + 0*v = 64. Let t be (-1 - -8 - -12)/(0 + 1). Let c = v + t. What are the prime factors of c?
3
Let b = 348 - 276. Suppose 0 = -2*n + 56 + 48. Suppose n = s - 3*r, s - 2*r = 3*s - b. What are the prime factors of s?
2, 5
Suppose -6*o + 810 = -468. List the prime factors of o.
3, 71
Suppose 2*l + 1 = 13. Suppose -24 = -4*u + l*u. Let m(o) = -o**2 - 13*o. What are the prime factors of m(u)?
2, 3
Let y(g) = g**3 - 7*g**2 + 8*g + 24. What are the prime factors of y(12)?
2, 3, 5, 7
Let q(f) = -f**3 + 6*f**2 + 2*f - 8. Suppose -2*g + 30 = 3*g. Let o be q(g). Suppose 0 = -o*a + 33 + 123. List the prime factors of a.
3, 13
Suppose 3*r + 492 - 53 = -5*q, 3*q - 4*r + 275 = 0. Let j = 161 + q. List the prime factors of j.
2, 3
Let o(x) = -16*x - 6. Let f(b) = 2 + 1 - 4 - b. Let h(p) = 5*f(p) - o(p). What are the prime factors of h(3)?
2, 17
Let y = 789 + -440. Let m = -234 + y. What are the prime factors of m?
5, 23
Let w(k) = 16*k**3 + 12*k**2 + 17*k - 7. List the prime factors of w(6).
7, 569
Suppose p - 58 = 4*y, -3*p - 78 = 5*y - 7*p. List the prime factors of 24/(-84) - ((-768)/y)/(-3).
2, 3
Let u be (-48)/(-10) - 32/40. Suppose u*p = 686 + 250. List the prime factors of p.
2, 3, 13
Suppose 6 = 11*j - 5. What are the prime factors of j*27*3 - 6/3?
79
Let n(v) be the first derivative of 9*v**4 + 0 - 5 + 2. What are the prime factors of n(1)?
2, 3
Let a = 7 - 7. Let b = a - -201. Suppose -4*o + 3 = -b. What are the prime factors of o?
3, 17
Suppose 2*c - 4 = 2. Suppose -3*o + 5*o - 4*j = 78, 102 = c*o - j. List the prime factors of (o/(-2))/((-12)/16).
2, 11
Suppose 4260 = 8*q + 4*q. Suppose 41 + q = 3*n. List the prime factors of n.
2, 3, 11
Let s(c) = c**3 - 5*c**2 + 5*c - 3. Let k be s(4). What are the prime factors of 30/(k/(4 - 3))?
2, 3, 5
Let u = -936 - -1894. List the prime factors of u.
2, 479
Suppose 2*i - 3*i = 3*w - 2612, -4*w + 3508 = -5*i. What are the prime factors of w?
2, 109
Suppose 5*h - 10 - 8 = 2*j, -4*h - 2*j = 0. Suppose 6*t - 4 = 2*t, 2*s - h*t - 2 = 0. Suppose 0 = s*l + 27 - 75. What are the prime factors of l?
2, 3
Let d be (-6)/(-15) - (-216)/10. Suppose -3*k - 2*z + d = 0, -6 = -4*k + 2*z - 0. Suppose 2*m + 16 = k*m. List the prime factors of m.
2
Let j = 147 + -139. Suppose 6*u = 3*u + 9. Suppose u*f + 2*f = -3*n + 101, 4*f = -j. What are the prime factors of n?
37
Let h(i) = -105*i - 113. What are the prime factors of h(-18)?
1777
Suppose 2*y = -2*v + 2162, 5*v - 44 = -19. List the prime factors of y.
2, 269
Let l = 17 - 11. What are the prime factors of 63/l*20/15?
2, 7
Let b = 188 - -371. What are the prime factors of b?
13, 43
Let l(q) = 1. Let z(d) = 28*d - 6. Let f(g) = -3*l(g) - z(g). Suppose 0 = -4*p + 4, u + 10 = -2*u + 4*p. List the prime factors of f(u).
59
Let y(l) = 2*l + 8. Let u be (15/(-30))/((-2)/4). Let t be 12*(-3)/(-4)*u. What are the prime factors of y(t)?
2, 13
Suppose -52 = -5*z + 23. Let g(u) = u**2 - 15*u + 17. Let s be g(z). Let j(y) = 5*y - 31. What are the prime factors of j(s)?
2, 3
Let q(n) = 7*n**2 - 3*n. Let s = -46 + 43. List the prime factors of q(s).
2, 3
Suppose -2300 = -2*z - t, 1151 = 6*z - 5*z + t. List the prime factors of z.
3, 383
Let k(j) = 241*j - 599. What are the prime factors of k(8)?
3, 443
Let y be (-2)/(-8) - (-115)/20. Suppose 0 = -y*j - 77 + 407. What are the prime factors of j?
5, 11
Suppose -2*d - 1 = -7. What are the prime factors of 45 - (d/(-1))/(-3)?
2, 11
Suppose 2 = 3*w - 4*w. Let y(r) = r**2 - 2. Let f be y(w). Suppose 6*c + p - 113 = f*c, 3*p = -5*c + 136. What are the prime factors of c?
29
What are the prime factors of -4 - (-1 - -2) - (-104496)/84?
3, 7, 59
Let w = -26 + 27. List the prime factors of -3 + (w - -75) - 0.
73
Let f = -65 - -173. List the prime factors of f.
2, 3
Let n(a) = -a + 15. Let g be n(10). Let o(k) = -k**3 + 12*k**2 - 8*k + 4. What are the prime factors of o(g)?
139
Suppose 13326 = 21*j + 474. List the prime factors of j.
2, 3, 17
Let z(d) = 17*d**2 + 5*d + 5. Suppose -2*f - 7*b + 11 = -2*b, -5*f = -5*b + 25. Let p be z(f). Let w = 123 - p. List the prime factors of w.
2, 3, 5
Suppose 11 = k - 5*a, -4*k = 3*a - 0*a - 21. Let l(b) = 4*b**2 - 2*b - 5. What are the prime factors of l(k)?
127
Let d = -1328 - -2411. What are the prime factors of d?
3, 19
Suppose 10*l = 11*l - 1007. What are the prime factors of l?
19, 53
Suppose -4*p - p = 5*w - 25, -20 = 5*w - 4*p. Suppose w = 9*q - 100 - 170. What are the prime factors of q?
2, 3, 5
Let b(k) = 3*k**2 + 18*k - 6. Let u(r) = -r**3 - 2*r**2 + 2*r - 4. Let p be u(-2). List the prime factors of b(p).
2, 3, 7
Let l(s) = -s**2 + s + 4. Let i be l(0). Suppose -3*z + 5*a = -289 + 47, -206 = -3*z - i*a. What are the prime factors of z?
2, 37
Suppose -2*w - 3 = 1, 2*w - 1 = -5*j. Suppose 0 = 4*s + 3*v + 1, 12 - j = -4*s - v. Let x = s - -8. List the prime factors of x.
2
Let c(d) be the third derivative of d**5/15 + d**4/24 - 3*d**2. Let x be c(-1). Suppose 0 = -x*l + 2*l + 24. What are the prime factors of l?
2, 3
Suppose 3*u = -b + 38, -6*u + 2*u = -3*b + 88. Let a = b - -5. List the prime factors of a.
37
Suppose 0 = -0*r + 5*r + s - 28, -2*s = -6. Suppose -4*i = y + 25 - 2, -r*y - 4*i - 83 = 0. List the prime factors of (2 - y) + 3 + -2.
2, 3
Let a(i) = 12*i**3 + i**2. Let p be a(1). Suppose -9*u - 56 = -p*u. What are the prime factors of u?
2, 7
Suppose 0 = 34*o - 39*o + 5, 5*v = 4*o + 26751. What are the prime factors of v?
5351
Suppose 18*p - 22*p = 0. What are the prime factors of ((-62)/5 - p)/((-30)/75)?
31
Suppose -6 = -w + 2. Let y = w + -2. What are the prime factors of y?
2, 3
Let z(n) = 10*n**2 + 5*n - 2. Let m be z(-4). Suppose m = 3*x + 9. List the prime factors of x.
43
Suppose -3*w + 0*w - 4 = 5*b, 4*w - 18 = 5*b. What are the prime factors of ((-2 - 50)/w)/(-2)?
13
What are the prime factors of -13 + 4 + (9 - -388)?
2, 97
Suppose 37896 = 4*r + 20*r. What are the prime factors of r?
1579
Suppose -z - 21 = -w, 0 = -5*z - 2*w - 31 - 46. Suppose -2*c + 3*d = -107, -2*c = -c + 5*d - 60. Let n = c + z. List the prime factors of n.
2, 19
Suppose 0 